
-4214
Let m(x) = 53*x**2 + 868*x - 13. Give m(-16).
-333
Let d(u) = u**3 + 11*u**2 - 6*u + 411. What is d(-14)?
-93
Let a(n) = -2*n**3 - 36*n**2 + 269*n - 267. Calculate a(-23).
-1164
Let r(q) = 37466*q + 74967. Give r(-2).
35
Let t(a) = -611*a + 7139. Determine t(10).
1029
Let z(o) = 8*o**2 - 252*o - 63. Calculate z(45).
4797
Let g(n) = -n**3 + 205*n**2 + 95*n + 66040. Give g(207).
7
Let p(z) = 8*z**2 + 1453*z - 5956. What is p(4)?
-16
Let q(g) = g**3 - 150*g**2 + 2785*g + 674. Calculate q(22).
-8
Let f(j) = -2*j**2 - 111*j + 2354. Give f(-72).
-22
Let h(n) = 2*n**3 - 1090*n**2 + 11745*n + 1584. What is h(534)?
-18
Let k(d) = -38978*d + 974449. Calculate k(25).
-1
Let z(s) = -3902*s + 476041. What is z(122)?
-3
Let u(t) = -t**3 + 21*t**2 - 128*t + 450. Determine u(7).
240
Let j(w) = -3*w**2 - 99*w + 924. What is j(-34)?
822
Let m(w) = w**3 - 112*w**2 - 583*w - 479. Calculate m(117).
-245
Let o(p) = p**2 + 792*p - 654998. Determine o(505).
-13
Let s(l) = -2*l**2 - 230*l - 3802. Give s(-20).
-2
Let x(a) = -232*a - 5507. What is x(-25)?
293
Let m(i) = i**2 + 2320*i + 27701. Give m(-12).
5
Let i(a) = 2*a**2 + 144*a + 1839. Calculate i(-17).
-31
Let a(w) = -w**3 - w**2 - 85*w - 307. Calculate a(-4).
81
Let x(f) = -3*f**3 - 26*f**2 + 1305*f + 10572. Calculate x(-8).
4
Let s(g) = -23*g**2 + 9478*g + 19046. Give s(-2).
-2
Let v(z) = -z**3 + 200*z**2 - 5517*z - 42572. What is v(165)?
-2
Let m(h) = 19302*h + 38588. What is m(-2)?
-16
Let v(y) = -412*y**2 + 2835*y - 4754. Calculate v(4).
-6
Let z(q) = -78*q**3 + 246*q**2 - 483*q - 7. What is z(2)?
-613
Let u(y) = -y**2 + 12051*y + 265629. What is u(-22)?
23
Let j(l) = 43*l - 549. What is j(13)?
10
Let f(i) = 3*i**3 + 4734*i**2 + 47015*i - 39202. Determine f(-1568).
-2
Let n(q) = -333*q**2 - 41632*q - 497. Give n(-125).
378
Let d(x) = -x**3 + 226*x**2 + 244*x - 3820. Give d(227).
39
Let b(d) = -d**2 + 33473*d + 1206320. What is b(-36)?
-4
Let p(h) = 8908*h + 53793. Give p(-6).
345
Let s(r) = 56*r - 1047. Calculate s(13).
-319
Let r(t) = t**3 + 47*t**2 + 302*t + 412. Give r(-38).
1932
Let w(k) = -k**3 - 4*k**2 - 10926*k + 11. Calculate w(0).
11
Let m(f) = -62*f - 7987. Calculate m(-139).
631
Let l(i) = 13*i - 586. Calculate l(74).
376
Let q(w) = 20*w**3 + 28*w**2 + 338*w + 577. What is q(-2)?
-147
Let d(i) = -i**3 + 208*i**2 - 2498*i + 24. Calculate d(13).
505
Let o(b) = -b**3 - 16*b**2 + 30211*b + 145. Calculate o(-182).
327
Let j(u) = u**3 + 34*u**2 + 1211*u + 40945. Give j(-34).
-229
Let c(d) = -157*d + 445. Calculate c(6).
-497
Let z(r) = 28527*r + 57055. Determine z(-2).
1
Let y(d) = -2*d**2 - 998*d - 99639. What is y(-138)?
-3
Let y(s) = 7*s**2 + 347*s - 52. Determine y(-54).
1622
Let q(l) = 113*l - 9131. What is q(80)?
-91
Let i(l) = -2*l**2 + 40*l + 1119. Give i(-15).
69
Let f(y) = -1017*y + 19293. Give f(19).
-30
Let x(t) = -4*t**3 - 836*t**2 + 1687*t + 371. Calculate x(-211).
582
Let i(w) = 6*w**2 + 11589*w - 46477. Give i(4).
-25
Let c(h) = 4383*h + 302426. What is c(-69)?
-1
Let w(z) = -z**2 + 936*z + 258462. Calculate w(-223).
5
Let l(j) = -j**3 - 12*j**2 + 808*j - 53. Determine l(23).
16
Let u(t) = 25230*t - 706441. Calculate u(28).
-1
Let d(y) = 4556*y + 9330. What is d(-2)?
218
Let i(r) = 4618*r - 75070. What is i(16)?
-1182
Let n(l) = 328*l**2 - 180363*l - 20349. Give n(550).
1
Let q(c) = 268*c**2 - 266*c - 3. Calculate q(1).
-1
Let f(n) = -n**3 + 32*n**2 + 145*n + 99. Determine f(-3).
-21
Let c(l) = 40*l**2 + 727*l - 2120. Determine c(3).
421
Let t(d) = -1872*d**2 + 28059*d + 108. What is t(15)?
-207
Let b(t) = -2156*t + 62. Determine b(0).
62
Let d(p) = p**3 + 253*p**2 + 277*p + 4906. Give d(-252).
-1394
Let a(c) = -c**3 - 142*c**2 + 379*c + 13166. What is a(-144)?
62
Let c(o) = 4448*o + 1721395. What is c(-387)?
19
Let d(k) = k**3 - 40*k**2 + 6*k + 1153. Calculate d(39).
-134
Let f(s) = 5*s**3 - 140*s**2 - 339*s + 68. Calculate f(30).
-1102
Let a(h) = h**3 + 20*h**2 - 295*h - 1007. Determine a(-3).
31
Let u(w) = -2757*w + 24868. What is u(9)?
55
Let u(g) = 417*g + 4050. Calculate u(-10).
-120
Let a(k) = -7*k**2 + 1173*k + 1664. Give a(169).
-26
Let a(t) = 57*t**3 - 20*t**2 - 141*t - 121. Determine a(-1).
-57
Let r(h) = 30*h**2 - 7745*h + 1299. Give r(258).
9
Let j(x) = -1069*x + 38413. What is j(36)?
-71
Let c(j) = j**2 + 27*j - 599. What is c(-41)?
-25
Let b(q) = -8*q**2 + 9790*q - 277189. What is b(29)?
-7
Let a(c) = 2*c**2 - 1181*c - 51801. What is a(-41)?
-18
Let o(j) = 28797*j - 57975. Determine o(2).
-381
Let k(p) = 8*p**2 + 158305*p - 633345. Calculate k(4).
3
Let w(k) = 1852177*k + 18521764. Give w(-10).
-6
Let f(t) = t**2 - 535899*t + 7502390. Give f(14).
0
Let q(h) = -24849*h - 9964482. What is q(-401)?
-33
Let q(x) = x**2 + 361*x + 23987. Determine q(-89).
-221
Let f(z) = -4*z**2 - 37*z + 493773. Calculate f(-356).
1
Let i(c) = -8403*c + 2033511. Calculate i(242).
-15
Let l(i) = 100091*i + 600532. Give l(-6).
-14
Let d(a) = a**2 - 26*a + 166. What is d(12)?
-2
Let s(u) = -19*u**3 - 78*u**2 - 85*u + 67. Determine s(-6).
1873
Let z(r) = 2*r**2 + 114*r - 316. Determine z(-36).
-1828
Let c(n) = n**3 + 118*n**2 - 223*n - 13229. Determine c(-119).
-853
Let m(d) = 26*d**2 + 1522*d + 2333. What is m(-57)?
53
Let x(z) = -z**3 - 91*z**2 + 290*z + 812. What is x(-94)?
60
Let p(n) = -4*n**2 + 275*n - 625. Determine p(65).
350
Let g(a) = -7327*a - 95000. Give g(-13).
251
Let r(w) = 8*w**2 + 479*w + 6722. What is r(-23)?
-63
Let y(f) = 7923*f + 7921. Determine y(-1).
-2
Let k(x) = -16*x**3 - 255*x**2 + 3*x - 202. Determine k(-16).
6
Let r(h) = 121*h**2 + 76347*h - 2519. Give r(-631).
5
Let x(m) = -293*m + 9421. Determine x(32).
45
Let n(g) = -2*g**2 + 777*g + 20124. What is n(-25)?
-551
Let a(b) = b**2 - 1281*b + 116995. Calculate a(99).
-23
Let z(f) = 253839*f + 1776889. Calculate z(-7).
16
Let i(l) = 4182*l - 41784. Determine i(10).
36
Let s(l) = -6*l**3 + 180*l**2 + 7*l - 208. Determine s(30).
2
Let z(f) = 285*f + 6955. Give z(-31).
-1880
Let f(h) = -3*h**2 + 134*h + 101. What is f(13)?
1336
Let x(w) = w**3 - 239*w**2 + 13967*w + 716. Determine x(102).
2
Let b(w) = -543*w + 646. Give b(1).
103
Let k(q) = 166621*q + 3832271. Give k(-23).
-12
Let o(t) = t**3 - 18*t**2 - 829*t + 8956. Give o(11).
-1010
Let v(l) = -2654*l + 44308. Determine v(17).
-810
Let b(m) = -11*m**2 + 2377*m - 2609. Calculate b(215).
-29
Let k(b) = 1026*b - 46402. Calculate k(45).
-232
Let x(s) = -124*s + 13820. What is x(112)?
-68
Let t(d) = 506*d**2 + 3035*d - 24. What is t(-6)?
-18
Let v(p) = -3*p**3 - 69*p**2 - 5*p - 192. What is v(-21)?
-2733
Let u(j) = -3199*j - 121579. Determine u(-38).
-17
Let a(x) = -x**3 - 6*x**2 + 226*x + 176. What is a(-18)?
-4
Let i(m) = -130*m**2 + 13*m + 5. Determine i(-2).
-541
Let r(j) = -j**3 + 38*j**2 + 715*j - 15. Calculate r(-13).
-691
Let q(t) = t**3 - 48*t**2 - 148*t + 100. Give q(51).
355
Let p(n) = -47572*n - 2045597. Give p(-43).
-1
Let m(b) = -11557*b + 69365. Determine m(6).
23
Let c(l) = -106017*l - 211999. Calculate c(-2).
35
Let x(y) = 706*y**2 + 1417*y + 14. What is x(-2)?
4
Let q(s) = -27*s**2 - 929*s - 129. What is q(-34)?
245
Let b(l) = 5*l**2 + 95*l - 2607. Determine b(0).
-2607
Let d(j) = -7*j**3 + 85*j**2 - 192*j - 421. What is d(7)?
-1
Let f(z) = 8957*z - 35697. Calculate f(4).
131
Let b(p) = -10*p**3 - 22*p**2 + 1035*p + 3121. Calculate b(-3).
88
Let h(d) = d**3 + 71*d**2 + 348*d + 1081. Determine h(-66).
-107
Let f(o) = o**3 - 46*o**2 - 458*o + 1367. Calculate f(54).
-37
Let y(z) = -33*z**2 - 604*z + 28. Calculate y(-18).
208
Let x(y) = 18536*y + 111197. Give x(-6).
-19
Let c(z) = -25*z**2 - 1028*z + 4118. Determine c(4).
-394
Let q(i) = -1857*i + 3725. What is q(2)?
11
Let z(p) = -20*p**2 + 476*p - 2085. Give z(18).
3
Let t(f) = 214*f - 2379. Calculate t(13).
403
Let k(r) = -r**2 - 2550*r - 400171. Determine k(-168).
5
Let w(k) = 8167*k - 1478222. Calculate w(181).
5
Let u(s) = 80*s**2 - 680*s + 5. What is u(11)?
2205
Let l(k) = -2*k**2 + 16549*k + 615042. What is l(-37)?
-9
Let f(o) = -6124*o + 35454. Calculate f(6).
-1290
Let a(z) = 7*z**3 - 159*z**2 + 106*z + 146. Calculate a(22).
58
Let u(i) = -76*i + 9973. Calculate u(131).
17
Let n(x) = -2*x**3 + 28*x**2 + 5*x - 1. What is n(-3)?
290
Let q(j) = -2*j**3 + 29*j**2 + 36*j + 19. Determine q(15).
334
L